216.73.216.10 - - [20/Aug/2025:22:40:42 +0300] "GET /undefined.php?dir=%2Fhome%2Fwwineerc%2Fpublic_html%2Fvendor%2Fphar-io%2Fmanifest%2Fsrc%2Fvalues&get_content=Application.php HTTP/1.1" 200 1345 "-" "Mozilla/5.0 AppleWebKit/537.36 (KHTML, like Gecko; compatible; ClaudeBot/1.0; +claudebot@anthropic.com)"
216.73.216.10 - - [20/Aug/2025:22:40:47 +0300] "GET /undefined.php?dir=%2Fhome%2Fwwineerc%2Fpublic_html%2Fvendor%2Framsey%2Fcollection%2Fsrc%2FMap&get_content=NamedParameterMap.php HTTP/1.1" 200 4392 "-" "Mozilla/5.0 AppleWebKit/537.36 (KHTML, like Gecko; compatible; ClaudeBot/1.0; +claudebot@anthropic.com)"
216.73.216.10 - - [20/Aug/2025:22:40:52 +0300] "GET /undefined.php?dir=%2Fhome%2Fwwineerc%2Fpublic_html%2Fvendor%2Fezyang%2Fhtmlpurifier%2Flibrary%2FHTMLPurifier%2FTagTransform HTTP/1.1" 200 6649 "-" "Mozilla/5.0 AppleWebKit/537.36 (KHTML, like Gecko; compatible; ClaudeBot/1.0; +claudebot@anthropic.com)"
216.73.216.10 - - [20/Aug/2025:22:41:17 +0300] "GET /undefined.php?dir=%2Fhome%2Fwwineerc%2Fpublic_html%2Fvendor%2Fchillerlan%2Fphp-qrcode%2Fsrc%2FData&get_content=Number.php HTTP/1.1" 200 2453 "-" "Mozilla/5.0 AppleWebKit/537.36 (KHTML, like Gecko; compatible; ClaudeBot/1.0; +claudebot@anthropic.com)"
216.73.216.10 - - [20/Aug/2025:22:41:22 +0300] "GET /undefined.php?dir=%2Fhome%2Fwwineerc%2Fpublic_html%2Fvendor%2Fchillerlan%2Fphp-qrcode%2Fsrc%2FData&get_content=QRCodeDataException.php HTTP/1.1" 200 1229 "-" "Mozilla/5.0 AppleWebKit/537.36 (KHTML, like Gecko; compatible; ClaudeBot/1.0; +claudebot@anthropic.com)"
216.73.216.10 - - [20/Aug/2025:22:41:27 +0300] "GET /undefined.php?dir=%2Fhome%2Fwwineerc%2Fpublic_html%2Fvendor%2Framsey%2Fcollection%2Fsrc%2FException&get_content=NoSuchElementException.php HTTP/1.1" 200 1391 "-" "Mozilla/5.0 AppleWebKit/537.36 (KHTML, like Gecko; compatible; ClaudeBot/1.0; +claudebot@anthropic.com)"
216.73.216.10 - - [20/Aug/2025:22:41:32 +0300] "GET /undefined.php?dir=%2Fhome%2Fwwineerc%2Fpublic_html%2Fvendor%2Fezyang%2Fhtmlpurifier%2Flibrary%2FHTMLPurifier&get_content=Queue.php HTTP/1.1" 200 2431 "-" "Mozilla/5.0 AppleWebKit/537.36 (KHTML, like Gecko; compatible; ClaudeBot/1.0; +claudebot@anthropic.com)"
20.171.207.101 - - [20/Aug/2025:22:41:46 +0300] "GET /app/Http/Requests/Admin/Category/SubcategoryStoreRequest.php HTTP/1.1" 500 - "-" "Mozilla/5.0 AppleWebKit/537.36 (KHTML, like Gecko; compatible; GPTBot/1.2; +https://openai.com/gptbot)"
216.73.216.10 - - [20/Aug/2025:22:41:59 +0300] "GET /undefined.php?dir=%2Fhome%2Fwwineerc%2Fpublic_html%2Fvendor%2Fezyang%2Fhtmlpurifier%2Flibrary%2FHTMLPurifier&get_content=Generator.php HTTP/1.1" 200 12135 "-" "Mozilla/5.0 AppleWebKit/537.36 (KHTML, like Gecko; compatible; ClaudeBot/1.0; +claudebot@anthropic.com)"
216.73.216.10 - - [20/Aug/2025:22:42:03 +0300] "GET /undefined.php?dir=%2Fhome%2Fwwineerc%2Fpublic_html%2Fvendor%2Fezyang%2Fhtmlpurifier%2Flibrary%2FHTMLPurifier%2FAttrTransform HTTP/1.1" 200 41403 "-" "Mozilla/5.0 AppleWebKit/537.36 (KHTML, like Gecko; compatible; ClaudeBot/1.0; +claudebot@anthropic.com)"
216.73.216.10 - - [20/Aug/2025:22:42:08 +0300] "GET /undefined.php?dir=%2Fhome%2Fwwineerc%2Fpublic_html%2Fvendor%2Fezyang%2Fhtmlpurifier%2Flibrary%2FHTMLPurifier&get_content=TokenFactory.php HTTP/1.1" 200 4047 "-" "Mozilla/5.0 AppleWebKit/537.36 (KHTML, like Gecko; compatible; ClaudeBot/1.0; +claudebot@anthropic.com)"
216.73.216.10 - - [20/Aug/2025:22:42:13 +0300] "GET /undefined.php?dir=%2Fhome%2Fwwineerc%2Fpublic_html%2Fvendor%2Fezyang%2Fhtmlpurifier%2Flibrary%2FHTMLPurifier&get_content=Config.php HTTP/1.1" 200 34131 "-" "Mozilla/5.0 AppleWebKit/537.36 (KHTML, like Gecko; compatible; ClaudeBot/1.0; +claudebot@anthropic.com)"
216.73.216.10 - - [20/Aug/2025:22:42:42 +0300] "GET /undefined.php?dir=%2Fhome%2Fwwineerc%2Fpublic_html%2Fvendor%2Fphar-io%2Fmanifest%2Fsrc%2Fvalues&get_content=Author.php HTTP/1.1" 200 2187 "-" "Mozilla/5.0 AppleWebKit/537.36 (KHTML, like Gecko; compatible; ClaudeBot/1.0; +claudebot@anthropic.com)"
216.73.216.10 - - [20/Aug/2025:22:42:47 +0300] "GET /undefined.php?dir=%2Fhome%2Fwwineerc%2Fpublic_html%2Fvendor%2Fezyang%2Fhtmlpurifier%2Flibrary%2FHTMLPurifier%2FURIFilter HTTP/1.1" 200 15543 "-" "Mozilla/5.0 AppleWebKit/537.36 (KHTML, like Gecko; compatible; ClaudeBot/1.0; +claudebot@anthropic.com)"
20.171.207.101 - - [20/Aug/2025:22:42:51 +0300] "GET /vendor/brick/math/src/Exception/NegativeNumberException.php HTTP/1.1" 500 - "-" "Mozilla/5.0 AppleWebKit/537.36 (KHTML, like Gecko; compatible; GPTBot/1.2; +https://openai.com/gptbot)"
216.73.216.10 - - [20/Aug/2025:22:42:52 +0300] "GET /undefined.php?dir=%2Fhome%2Fwwineerc%2Fpublic_html%2Fvendor%2Fezyang%2Fhtmlpurifier%2Flibrary%2FHTMLPurifier&get_content=Language.php HTTP/1.1" 200 7308 "-" "Mozilla/5.0 AppleWebKit/537.36 (KHTML, like Gecko; compatible; ClaudeBot/1.0; +claudebot@anthropic.com)"
216.73.216.10 - - [20/Aug/2025:22:42:57 +0300] "GET /undefined.php?dir=%2Fhome%2Fwwineerc%2Fpublic_html%2Fvendor%2Fphar-io%2Fmanifest%2Fsrc%2Fvalues&get_content=BundledComponent.php HTTP/1.1" 200 1703 "-" "Mozilla/5.0 AppleWebKit/537.36 (KHTML, like Gecko; compatible; ClaudeBot/1.0; +claudebot@anthropic.com)"
216.73.216.10 - - [20/Aug/2025:22:43:02 +0300] "GET /undefined.php?dir=%2Fhome%2Fwwineerc%2Fpublic_html%2Fvendor%2Fezyang%2Fhtmlpurifier%2Flibrary%2FHTMLPurifier&get_content=Exception.php HTTP/1.1" 200 1009 "-" "Mozilla/5.0 AppleWebKit/537.36 (KHTML, like Gecko; compatible; ClaudeBot/1.0; +claudebot@anthropic.com)"
216.73.216.10 - - [20/Aug/2025:22:43:07 +0300] "GET /undefined.php?dir=%2Fhome%2Fwwineerc%2Fpublic_html%2Fvendor%2Fezyang%2Fhtmlpurifier%2Flibrary%2FHTMLPurifier&get_content=ChildDef.php HTTP/1.1" 200 2392 "-" "Mozilla/5.0 AppleWebKit/537.36 (KHTML, like Gecko; compatible; ClaudeBot/1.0; +claudebot@anthropic.com)"
216.73.216.10 - - [20/Aug/2025:22:43:12 +0300] "GET /undefined.php?dir=%2Fhome%2Fwwineerc%2Fpublic_html%2Fvendor%2Fezyang%2Fhtmlpurifier%2Flibrary%2FHTMLPurifier&get_content=EntityLookup.php HTTP/1.1" 200 2285 "-" "Mozilla/5.0 AppleWebKit/537.36 (KHTML, like Gecko; compatible; ClaudeBot/1.0; +claudebot@anthropic.com)"
216.73.216.10 - - [20/Aug/2025:22:43:17 +0300] "GET /undefined.php?dir=%2Fhome%2Fwwineerc%2Fpublic_html%2Fvendor%2Fezyang%2Fhtmlpurifier%2Flibrary%2FHTMLPurifier&get_content=UnitConverter.php HTTP/1.1" 200 11536 "-" "Mozilla/5.0 AppleWebKit/537.36 (KHTML, like Gecko; compatible; ClaudeBot/1.0; +claudebot@anthropic.com)"
216.73.216.10 - - [20/Aug/2025:22:43:22 +0300] "GET /undefined.php?dir=%2Fhome%2Fwwineerc%2Fpublic_html%2Fvendor%2Fezyang%2Fhtmlpurifier%2Flibrary%2FHTMLPurifier&get_content=Lexer.php HTTP/1.1" 200 15499 "-" "Mozilla/5.0 AppleWebKit/537.36 (KHTML, like Gecko; compatible; ClaudeBot/1.0; +claudebot@anthropic.com)"
216.73.216.10 - - [20/Aug/2025:22:43:27 +0300] "GET /undefined.php?dir=%2Fhome%2Fwwineerc%2Fpublic_html%2Fvendor%2Fmockery%2Fmockery%2Fdocs%2Fcookbook&get_content=mocking_class_within_class.rst HTTP/1.1" 200 5494 "-" "Mozilla/5.0 AppleWebKit/537.36 (KHTML, like Gecko; compatible; ClaudeBot/1.0; +claudebot@anthropic.com)"
216.73.216.10 - - [20/Aug/2025:22:43:32 +0300] "GET /undefined.php?dir=%2Fhome%2Fwwineerc%2Fpublic_html%2Fvendor%2Fsalla%2Fzatca%2Fsrc%2FTags&get_content=InvoiceTotalAmount.php HTTP/1.1" 200 1034 "-" "Mozilla/5.0 AppleWebKit/537.36 (KHTML, like Gecko; compatible; ClaudeBot/1.0; +claudebot@anthropic.com)"
216.73.216.10 - - [20/Aug/2025:22:43:37 +0300] "GET /undefined.php?dir=%2Fhome%2Fwwineerc%2Fpublic_html%2Fvendor%2Fezyang%2Fhtmlpurifier%2Flibrary%2FHTMLPurifier&get_content=PercentEncoder.php HTTP/1.1" 200 4563 "-" "Mozilla/5.0 AppleWebKit/537.36 (KHTML, like Gecko; compatible; ClaudeBot/1.0; +claudebot@anthropic.com)"
216.73.216.10 - - [20/Aug/2025:22:43:42 +0300] "GET /undefined.php?dir=%2Fhome%2Fwwineerc%2Fpublic_html%2Fvendor%2Fphar-io%2Fmanifest%2Fsrc%2Fvalues&get_content=CopyrightInformation.php HTTP/1.1" 200 1731 "-" "Mozilla/5.0 AppleWebKit/537.36 (KHTML, like Gecko; compatible; ClaudeBot/1.0; +claudebot@anthropic.com)"
216.73.216.10 - - [20/Aug/2025:22:43:47 +0300] "GET /undefined.php?dir=%2Fhome%2Fwwineerc%2Fpublic_html%2Fvendor%2Fezyang%2Fhtmlpurifier%2Flibrary%2FHTMLPurifier&get_content=ErrorCollector.php HTTP/1.1" 200 9164 "-" "Mozilla/5.0 AppleWebKit/537.36 (KHTML, like Gecko; compatible; ClaudeBot/1.0; +claudebot@anthropic.com)"
216.73.216.10 - - [20/Aug/2025:22:43:52 +0300] "GET /undefined.php?dir=%2Fhome%2Fwwineerc%2Fpublic_html%2Fvendor%2Fsalla%2Fzatca%2Fsrc%2FTags&get_content=InvoiceDate.php HTTP/1.1" 200 1013 "-" "Mozilla/5.0 AppleWebKit/537.36 (KHTML, like Gecko; compatible; ClaudeBot/1.0; +claudebot@anthropic.com)"
20.171.207.101 - - [20/Aug/2025:22:43:55 +0300] "GET /vendor/psy/psysh/src/VersionUpdater/NoopChecker.php HTTP/1.1" 500 - "-" "Mozilla/5.0 AppleWebKit/537.36 (KHTML, like Gecko; compatible; GPTBot/1.2; +https://openai.com/gptbot)"
216.73.216.10 - - [20/Aug/2025:22:43:57 +0300] "GET /undefined.php?dir=%2Fhome%2Fwwineerc%2Fpublic_html%2Fvendor%2Fezyang%2Fhtmlpurifier%2Flibrary%2FHTMLPurifier&get_content=Node.php HTTP/1.1" 200 2112 "-" "Mozilla/5.0 AppleWebKit/537.36 (KHTML, like Gecko; compatible; ClaudeBot/1.0; +claudebot@anthropic.com)"
216.73.216.10 - - [20/Aug/2025:22:44:02 +0300] "GET /undefined.php?dir=%2Fhome%2Fwwineerc%2Fpublic_html%2Fvendor%2Fezyang%2Fhtmlpurifier%2Flibrary%2FHTMLPurifier%2FLexer HTTP/1.1" 200 8355 "-" "Mozilla/5.0 AppleWebKit/537.36 (KHTML, like Gecko; compatible; ClaudeBot/1.0; +claudebot@anthropic.com)"
216.73.216.10 - - [20/Aug/2025:22:44:07 +0300] "GET /undefined.php?dir=%2Fhome%2Fwwineerc%2Fpublic_html%2Fvendor%2Fchillerlan%2Fphp-qrcode%2Fsrc%2FOutput&get_content=QRImage.php HTTP/1.1" 200 6028 "-" "Mozilla/5.0 AppleWebKit/537.36 (KHTML, like Gecko; compatible; ClaudeBot/1.0; +claudebot@anthropic.com)"
216.73.216.10 - - [20/Aug/2025:22:44:12 +0300] "GET /undefined.php?dir=%2Fhome%2Fwwineerc%2Fpublic_html%2Fvendor%2Fphar-io%2Fmanifest%2Fsrc%2Fvalues&get_content=Url.php HTTP/1.1" 200 1773 "-" "Mozilla/5.0 AppleWebKit/537.36 (KHTML, like Gecko; compatible; ClaudeBot/1.0; +claudebot@anthropic.com)"
216.73.216.10 - - [20/Aug/2025:22:44:17 +0300] "GET /undefined.php?dir=%2Fhome%2Fwwineerc%2Fpublic_html%2Fvendor%2Fezyang%2Fhtmlpurifier%2Flibrary%2FHTMLPurifier&get_content=Encoder.php HTTP/1.1" 200 27850 "-" "Mozilla/5.0 AppleWebKit/537.36 (KHTML, like Gecko; compatible; ClaudeBot/1.0; +claudebot@anthropic.com)"
216.73.216.10 - - [20/Aug/2025:22:44:22 +0300] "GET /undefined.php?dir=%2Fhome%2Fwwineerc%2Fpublic_html%2Fvendor%2Fezyang%2Fhtmlpurifier%2Flibrary%2FHTMLPurifier&get_content=PropertyListIterator.php HTTP/1.1" 200 1766 "-" "Mozilla/5.0 AppleWebKit/537.36 (KHTML, like Gecko; compatible; ClaudeBot/1.0; +claudebot@anthropic.com)"
216.73.216.10 - - [20/Aug/2025:22:44:27 +0300] "GET /undefined.php?dir=%2Fhome%2Fwwineerc%2Fpublic_html%2Fvendor%2Fmockery%2Fmockery%2Fdocs%2Fgetting_started&get_content=simple_example.rst HTTP/1.1" 200 3007 "-" "Mozilla/5.0 AppleWebKit/537.36 (KHTML, like Gecko; compatible; ClaudeBot/1.0; +claudebot@anthropic.com)"
216.73.216.10 - - [20/Aug/2025:22:44:32 +0300] "GET /undefined.php?dir=%2Fhome%2Fwwineerc%2Fpublic_html%2Fvendor%2Framsey%2Fcollection%2Fsrc%2FException&get_content=UnsupportedOperationException.php HTTP/1.1" 200 1413 "-" "Mozilla/5.0 AppleWebKit/537.36 (KHTML, like Gecko; compatible; ClaudeBot/1.0; +claudebot@anthropic.com)"
20.171.207.101 - - [20/Aug/2025:22:44:57 +0300] "GET /vendor/ramsey/uuid/src/Exception/InvalidBytesException.php HTTP/1.1" 500 - "-" "Mozilla/5.0 AppleWebKit/537.36 (KHTML, like Gecko; compatible; GPTBot/1.2; +https://openai.com/gptbot)"
162.142.125.211 - - [20/Aug/2025:22:45:02 +0300] "GET / HTTP/1.1" 200 6517 "-" "Mozilla/5.0 (compatible; CensysInspect/1.1; +https://about.censys.io/)"
216.73.216.10 - - [20/Aug/2025:22:45:09 +0300] "GET /undefined.php?dir=%2Fhome%2Fwwineerc%2Fpublic_html%2Fvendor%2Fmockery%2Fmockery%2Fdocs%2Freference&get_content=index.rst HTTP/1.1" 200 1232 "-" "Mozilla/5.0 AppleWebKit/537.36 (KHTML, like Gecko; compatible; ClaudeBot/1.0; +claudebot@anthropic.com)"
162.142.125.211 - - [20/Aug/2025:22:45:09 +0300] "GET /favicon.ico HTTP/1.1" 404 - "-" "Mozilla/5.0 (compatible; CensysInspect/1.1; +https://about.censys.io/)"
216.73.216.10 - - [20/Aug/2025:22:45:13 +0300] "GET /undefined.php?dir=%2Fhome%2Fwwineerc%2Fpublic_html%2Fvendor%2Fmockery%2Fmockery%2Fdocs%2Fgetting_started&get_content=index.rst HTTP/1.1" 200 973 "-" "Mozilla/5.0 AppleWebKit/537.36 (KHTML, like Gecko; compatible; ClaudeBot/1.0; +claudebot@anthropic.com)"
216.73.216.10 - - [20/Aug/2025:22:45:18 +0300] "GET /undefined.php?dir=%2Fhome%2Fwwineerc%2Fpublic_html%2Fvendor%2Fmockery%2Fmockery%2Fdocs%2Freference&get_content=expectations.rst HTTP/1.1" 200 18002 "-" "Mozilla/5.0 AppleWebKit/537.36 (KHTML, like Gecko; compatible; ClaudeBot/1.0; +claudebot@anthropic.com)"
216.73.216.10 - - [20/Aug/2025:22:45:23 +0300] "GET /undefined.php?dir=%2Fhome%2Fwwineerc%2Fpublic_html%2Fvendor%2Fmockery%2Fmockery%2Fdocs%2Freference&get_content=spies.rst HTTP/1.1" 200 5849 "-" "Mozilla/5.0 AppleWebKit/537.36 (KHTML, like Gecko; compatible; ClaudeBot/1.0; +claudebot@anthropic.com)"
162.142.125.211 - - [20/Aug/2025:22:45:24 +0300] "GET / HTTP/1.1" 200 6517 "-" "Mozilla/5.0 (compatible; CensysInspect/1.1; +https://about.censys.io/)"
162.142.125.211 - - [20/Aug/2025:22:45:28 +0300] "GET /public HTTP/1.1" 301 235 "-" "Mozilla/5.0 (compatible; CensysInspect/1.1; +https://about.censys.io/)"
162.142.125.211 - - [20/Aug/2025:22:45:29 +0300] "GET /public/ HTTP/1.1" 200 24365 "https://wwineer.com:443/public" "Mozilla/5.0 (compatible; CensysInspect/1.1; +https://about.censys.io/)"
216.73.216.10 - - [20/Aug/2025:22:45:29 +0300] "GET /undefined.php?dir=%2Fhome%2Fwwineerc%2Fpublic_html%2Fvendor%2Fleague%2Fcommonmark%2Fsrc%2FDelimiter%2FProcessor HTTP/1.1" 200 10580 "-" "Mozilla/5.0 AppleWebKit/537.36 (KHTML, like Gecko; compatible; ClaudeBot/1.0; +claudebot@anthropic.com)"
162.142.125.211 - - [20/Aug/2025:22:45:29 +0300] "GET /tests HTTP/1.1" 301 234 "-" "Mozilla/5.0 (compatible; CensysInspect/1.1; +https://about.censys.io/)"
162.142.125.211 - - [20/Aug/2025:22:45:30 +0300] "GET /tests/ HTTP/1.1" 200 1319 "https://wwineer.com:443/tests" "Mozilla/5.0 (compatible; CensysInspect/1.1; +https://about.censys.io/)"
162.142.125.211 - - [20/Aug/2025:22:45:31 +0300] "GET /tests/Feature HTTP/1.1" 301 242 "-" "Mozilla/5.0 (compatible; CensysInspect/1.1; +https://about.censys.io/)"
162.142.125.211 - - [20/Aug/2025:22:45:31 +0300] "GET /tests/Feature/ HTTP/1.1" 200 805 "https://wwineer.com:443/tests/Feature" "Mozilla/5.0 (compatible; CensysInspect/1.1; +https://about.censys.io/)"
162.142.125.211 - - [20/Aug/2025:22:45:32 +0300] "GET /tests/Unit HTTP/1.1" 301 239 "-" "Mozilla/5.0 (compatible; CensysInspect/1.1; +https://about.censys.io/)"
216.73.216.10 - - [20/Aug/2025:22:45:34 +0300] "GET /undefined.php?dir=%2Fhome%2Fwwineerc%2Fpublic_html%2Fvendor%2Fvlucas%2Fphpdotenv%2Fsrc%2FStore%2FFile HTTP/1.1" 200 6541 "-" "Mozilla/5.0 AppleWebKit/537.36 (KHTML, like Gecko; compatible; ClaudeBot/1.0; +claudebot@anthropic.com)"
162.142.125.211 - - [20/Aug/2025:22:45:34 +0300] "GET /tests/Unit/ HTTP/1.1" 200 980 "https://wwineer.com:443/tests/Unit" "Mozilla/5.0 (compatible; CensysInspect/1.1; +https://about.censys.io/)"
162.142.125.211 - - [20/Aug/2025:22:45:35 +0300] "GET /bootstrap HTTP/1.1" 301 238 "-" "Mozilla/5.0 (compatible; CensysInspect/1.1; +https://about.censys.io/)"
162.142.125.211 - - [20/Aug/2025:22:45:35 +0300] "GET /bootstrap/ HTTP/1.1" 200 957 "https://wwineer.com:443/bootstrap" "Mozilla/5.0 (compatible; CensysInspect/1.1; +https://about.censys.io/)"
162.142.125.211 - - [20/Aug/2025:22:45:35 +0300] "GET /bootstrap/cache HTTP/1.1" 301 244 "-" "Mozilla/5.0 (compatible; CensysInspect/1.1; +https://about.censys.io/)"
162.142.125.211 - - [20/Aug/2025:22:45:36 +0300] "GET /bootstrap/cache/ HTTP/1.1" 200 990 "https://wwineer.com:443/bootstrap/cache" "Mozilla/5.0 (compatible; CensysInspect/1.1; +https://about.censys.io/)"
162.142.125.211 - - [20/Aug/2025:22:45:36 +0300] "GET /resources HTTP/1.1" 301 238 "-" "Mozilla/5.0 (compatible; CensysInspect/1.1; +https://about.censys.io/)"
162.142.125.211 - - [20/Aug/2025:22:45:36 +0300] "GET /resources/ HTTP/1.1" 200 1298 "https://wwineer.com:443/resources" "Mozilla/5.0 (compatible; CensysInspect/1.1; +https://about.censys.io/)"
162.142.125.211 - - [20/Aug/2025:22:45:38 +0300] "GET /resources/css HTTP/1.1" 301 242 "-" "Mozilla/5.0 (compatible; CensysInspect/1.1; +https://about.censys.io/)"
162.142.125.211 - - [20/Aug/2025:22:45:38 +0300] "GET /resources/css/ HTTP/1.1" 200 801 "https://wwineer.com:443/resources/css" "Mozilla/5.0 (compatible; CensysInspect/1.1; +https://about.censys.io/)"
162.142.125.211 - - [20/Aug/2025:22:45:38 +0300] "GET /resources/views HTTP/1.1" 301 244 "-" "Mozilla/5.0 (compatible; CensysInspect/1.1; +https://about.censys.io/)"
216.73.216.10 - - [20/Aug/2025:22:45:39 +0300] "GET /undefined.php?dir=%2Fhome%2Fwwineerc%2Fpublic_html%2Fvendor%2Fleague%2Fcommonmark%2Fsrc%2FReference&get_content=ReferenceableInterface.php HTTP/1.1" 200 1265 "-" "Mozilla/5.0 AppleWebKit/537.36 (KHTML, like Gecko; compatible; ClaudeBot/1.0; +claudebot@anthropic.com)"
162.142.125.211 - - [20/Aug/2025:22:45:39 +0300] "GET /resources/views/ HTTP/1.1" 200 2607 "https://wwineer.com:443/resources/views" "Mozilla/5.0 (compatible; CensysInspect/1.1; +https://about.censys.io/)"
162.142.125.211 - - [20/Aug/2025:22:45:43 +0300] "GET /resources/views/site HTTP/1.1" 301 249 "-" "Mozilla/5.0 (compatible; CensysInspect/1.1; +https://about.censys.io/)"
162.142.125.211 - - [20/Aug/2025:22:45:43 +0300] "GET /resources/views/site/ HTTP/1.1" 200 1014 "https://wwineer.com:443/resources/views/site" "Mozilla/5.0 (compatible; CensysInspect/1.1; +https://about.censys.io/)"
216.73.216.10 - - [20/Aug/2025:22:45:44 +0300] "GET /undefined.php?dir=%2Fhome%2Fwwineerc%2Fpublic_html%2Fvendor%2Fvlucas%2Fphpdotenv%2Fsrc%2FStore&get_content=StringStore.php HTTP/1.1" 200 1417 "-" "Mozilla/5.0 AppleWebKit/537.36 (KHTML, like Gecko; compatible; ClaudeBot/1.0; +claudebot@anthropic.com)"
162.142.125.211 - - [20/Aug/2025:22:45:46 +0300] "GET /resources/js HTTP/1.1" 301 241 "-" "Mozilla/5.0 (compatible; CensysInspect/1.1; +https://about.censys.io/)"
162.142.125.211 - - [20/Aug/2025:22:45:46 +0300] "GET /resources/js/ HTTP/1.1" 200 978 "https://wwineer.com:443/resources/js" "Mozilla/5.0 (compatible; CensysInspect/1.1; +https://about.censys.io/)"
162.142.125.211 - - [20/Aug/2025:22:45:46 +0300] "GET /resources/lang HTTP/1.1" 301 243 "-" "Mozilla/5.0 (compatible; CensysInspect/1.1; +https://about.censys.io/)"
162.142.125.211 - - [20/Aug/2025:22:45:47 +0300] "GET /resources/lang/ HTTP/1.1" 200 970 "https://wwineer.com:443/resources/lang" "Mozilla/5.0 (compatible; CensysInspect/1.1; +https://about.censys.io/)"
162.142.125.211 - - [20/Aug/2025:22:45:48 +0300] "GET /cgi-bin HTTP/1.1" 301 236 "-" "Mozilla/5.0 (compatible; CensysInspect/1.1; +https://about.censys.io/)"
162.142.125.211 - - [20/Aug/2025:22:45:48 +0300] "GET /cgi-bin/ HTTP/1.1" 404 - "https://wwineer.com:443/cgi-bin" "Mozilla/5.0 (compatible; CensysInspect/1.1; +https://about.censys.io/)"
162.142.125.211 - - [20/Aug/2025:22:45:48 +0300] "GET /app HTTP/1.1" 301 232 "-" "Mozilla/5.0 (compatible; CensysInspect/1.1; +https://about.censys.io/)"
216.73.216.10 - - [20/Aug/2025:22:45:49 +0300] "GET /undefined.php?dir=%2Fhome%2Fwwineerc%2Fpublic_html%2Fvendor%2Fleague%2Fcommonmark%2Fsrc%2FExtension%2FFrontMatter HTTP/1.1" 200 18197 "-" "Mozilla/5.0 AppleWebKit/537.36 (KHTML, like Gecko; compatible; ClaudeBot/1.0; +claudebot@anthropic.com)"
162.142.125.211 - - [20/Aug/2025:22:45:49 +0300] "GET /app/ HTTP/1.1" 200 3056 "https://wwineer.com:443/app" "Mozilla/5.0 (compatible; CensysInspect/1.1; +https://about.censys.io/)"
216.73.216.10 - - [20/Aug/2025:22:45:54 +0300] "GET /undefined.php?dir=%2Fhome%2Fwwineerc%2Fpublic_html%2Fvendor%2Fleague%2Fcommonmark%2Fsrc%2FNormalizer&get_content=SlugNormalizer.php HTTP/1.1" 200 2644 "-" "Mozilla/5.0 AppleWebKit/537.36 (KHTML, like Gecko; compatible; ClaudeBot/1.0; +claudebot@anthropic.com)"
162.142.125.211 - - [20/Aug/2025:22:45:54 +0300] "GET /nodejs HTTP/1.1" 301 235 "-" "Mozilla/5.0 (compatible; CensysInspect/1.1; +https://about.censys.io/)"
162.142.125.211 - - [20/Aug/2025:22:45:55 +0300] "GET /nodejs/ HTTP/1.1" 200 1144 "https://wwineer.com:443/nodejs" "Mozilla/5.0 (compatible; CensysInspect/1.1; +https://about.censys.io/)"
162.142.125.211 - - [20/Aug/2025:22:45:55 +0300] "GET /database HTTP/1.1" 301 237 "-" "Mozilla/5.0 (compatible; CensysInspect/1.1; +https://about.censys.io/)"
162.142.125.211 - - [20/Aug/2025:22:45:56 +0300] "GET /database/ HTTP/1.1" 200 1139 "https://wwineer.com:443/database" "Mozilla/5.0 (compatible; CensysInspect/1.1; +https://about.censys.io/)"
162.142.125.211 - - [20/Aug/2025:22:45:57 +0300] "GET /storage HTTP/1.1" 301 236 "-" "Mozilla/5.0 (compatible; CensysInspect/1.1; +https://about.censys.io/)"
162.142.125.211 - - [20/Aug/2025:22:45:57 +0300] "GET /storage/ HTTP/1.1" 200 1673 "https://wwineer.com:443/storage" "Mozilla/5.0 (compatible; CensysInspect/1.1; +https://about.censys.io/)"
216.73.216.10 - - [20/Aug/2025:22:45:59 +0300] "GET /undefined.php?dir=%2Fhome%2Fwwineerc%2Fpublic_html%2Fvendor%2Fleague%2Fcommonmark%2Fsrc%2FParser&get_content=InlineParserEngineInterface.php HTTP/1.1" 200 1510 "-" "Mozilla/5.0 AppleWebKit/537.36 (KHTML, like Gecko; compatible; ClaudeBot/1.0; +claudebot@anthropic.com)"
162.142.125.211 - - [20/Aug/2025:22:45:59 +0300] "GET /routes HTTP/1.1" 301 235 "-" "Mozilla/5.0 (compatible; CensysInspect/1.1; +https://about.censys.io/)"
20.171.207.101 - - [20/Aug/2025:22:45:59 +0300] "GET /vendor/brick/math/src/Exception/DivisionByZeroException.php HTTP/1.1" 500 - "-" "Mozilla/5.0 AppleWebKit/537.36 (KHTML, like Gecko; compatible; GPTBot/1.2; +https://openai.com/gptbot)"
162.142.125.211 - - [20/Aug/2025:22:45:59 +0300] "GET /routes/ HTTP/1.1" 200 1660 "https://wwineer.com:443/routes" "Mozilla/5.0 (compatible; CensysInspect/1.1; +https://about.censys.io/)"
162.142.125.211 - - [20/Aug/2025:22:46:00 +0300] "GET /config HTTP/1.1" 301 235 "-" "Mozilla/5.0 (compatible; CensysInspect/1.1; +https://about.censys.io/)"
162.142.125.211 - - [20/Aug/2025:22:46:00 +0300] "GET /config/ HTTP/1.1" 200 3999 "https://wwineer.com:443/config" "Mozilla/5.0 (compatible; CensysInspect/1.1; +https://about.censys.io/)"
162.142.125.211 - - [20/Aug/2025:22:46:01 +0300] "GET /winne_r HTTP/1.1" 301 236 "-" "Mozilla/5.0 (compatible; CensysInspect/1.1; +https://about.censys.io/)"
162.142.125.211 - - [20/Aug/2025:22:46:01 +0300] "GET /winne_r/ HTTP/1.1" 200 604 "https://wwineer.com:443/winne_r" "Mozilla/5.0 (compatible; CensysInspect/1.1; +https://about.censys.io/)"
216.73.216.10 - - [20/Aug/2025:22:46:04 +0300] "GET /undefined.php?dir=%2Fhome%2Fwwineerc%2Fpublic_html%2Fvendor%2Fleague%2Fcommonmark%2Fsrc%2FExtension%2FTableOfContents HTTP/1.1" 200 19209 "-" "Mozilla/5.0 AppleWebKit/537.36 (KHTML, like Gecko; compatible; ClaudeBot/1.0; +claudebot@anthropic.com)"
162.142.125.211 - - [20/Aug/2025:22:46:07 +0300] "GET /favicon.ico HTTP/1.1" 404 - "-" "Mozilla/5.0 (compatible; CensysInspect/1.1; +https://about.censys.io/)"
216.73.216.10 - - [20/Aug/2025:22:46:09 +0300] "GET /undefined.php?dir=%2Fhome%2Fwwineerc%2Fpublic_html%2Fvendor%2Fvlucas%2Fphpdotenv%2Fsrc%2FRepository%2FAdapter HTTP/1.1" 200 25957 "-" "Mozilla/5.0 AppleWebKit/537.36 (KHTML, like Gecko; compatible; ClaudeBot/1.0; +claudebot@anthropic.com)"
216.73.216.10 - - [20/Aug/2025:22:46:14 +0300] "GET /undefined.php?dir=%2Fhome%2Fwwineerc%2Fpublic_html%2Fvendor%2Fleague%2Fcommonmark%2Fsrc%2FExtension%2FTable HTTP/1.1" 200 22353 "-" "Mozilla/5.0 AppleWebKit/537.36 (KHTML, like Gecko; compatible; ClaudeBot/1.0; +claudebot@anthropic.com)"
162.142.125.211 - - [20/Aug/2025:22:46:15 +0300] "GET /security.txt HTTP/1.1" 404 - "-" "Mozilla/5.0 (compatible; CensysInspect/1.1; +https://about.censys.io/)"
216.73.216.10 - - [20/Aug/2025:22:46:19 +0300] "GET /undefined.php?dir=%2Fhome%2Fwwineerc%2Fpublic_html%2Fvendor%2Fleague%2Fcommonmark%2Fsrc%2FReference&get_content=ReferenceMapInterface.php HTTP/1.1" 200 1651 "-" "Mozilla/5.0 AppleWebKit/537.36 (KHTML, like Gecko; compatible; ClaudeBot/1.0; +claudebot@anthropic.com)"
216.73.216.10 - - [20/Aug/2025:22:46:24 +0300] "GET /undefined.php?dir=%2Fhome%2Fwwineerc%2Fpublic_html%2Fvendor%2Fleague%2Fcommonmark%2Fsrc%2FExtension%2FAutolink HTTP/1.1" 200 8506 "-" "Mozilla/5.0 AppleWebKit/537.36 (KHTML, like Gecko; compatible; ClaudeBot/1.0; +claudebot@anthropic.com)"
216.73.216.10 - - [20/Aug/2025:22:46:29 +0300] "GET /undefined.php?dir=%2Fhome%2Fwwineerc%2Fpublic_html%2Fvendor%2Fleague%2Fcommonmark%2Fsrc%2FUtil&get_content=ArrayCollection.php HTTP/1.1" 200 4428 "-" "Mozilla/5.0 AppleWebKit/537.36 (KHTML, like Gecko; compatible; ClaudeBot/1.0; +claudebot@anthropic.com)"
216.73.216.10 - - [20/Aug/2025:22:46:34 +0300] "GET /undefined.php?dir=%2Fhome%2Fwwineerc%2Fpublic_html%2Fpublic%2Fadmin%2Fapp-assets%2Fcss%2Fplugins%2Fextensions HTTP/1.1" 200 24024 "-" "Mozilla/5.0 AppleWebKit/537.36 (KHTML, like Gecko; compatible; ClaudeBot/1.0; +claudebot@anthropic.com)"
216.73.216.10 - - [20/Aug/2025:22:46:40 +0300] "GET /undefined.php?dir=%2Fhome%2Fwwineerc%2Fpublic_html%2Fpublic%2Fincludes%2Fckeditor%2Fsamples%2Ftoolbarconfigurator%2Fjs&get_content=toolbartextmodifier.js HTTP/1.1" 200 8567 "-" "Mozilla/5.0 AppleWebKit/537.36 (KHTML, like Gecko; compatible; ClaudeBot/1.0; +claudebot@anthropic.com)"
216.73.216.10 - - [20/Aug/2025:22:46:45 +0300] "GET /undefined.php?dir=%2Fhome%2Fwwineerc%2Fpublic_html%2Fvendor%2Fleague%2Fcommonmark%2Fsrc%2FException&get_content=LogicException.php HTTP/1.1" 200 1236 "-" "Mozilla/5.0 AppleWebKit/537.36 (KHTML, like Gecko; compatible; ClaudeBot/1.0; +claudebot@anthropic.com)"
216.73.216.10 - - [20/Aug/2025:22:46:50 +0300] "GET /undefined.php?dir=%2Fhome%2Fwwineerc%2Fpublic_html%2Fvendor%2Fleague%2Fcommonmark%2Fsrc%2FParser%2FInline HTTP/1.1" 200 8466 "-" "Mozilla/5.0 AppleWebKit/537.36 (KHTML, like Gecko; compatible; ClaudeBot/1.0; +claudebot@anthropic.com)"
216.73.216.10 - - [20/Aug/2025:22:46:55 +0300] "GET /undefined.php?dir=%2Fhome%2Fwwineerc%2Fpublic_html%2Fvendor%2Fnunomaduro%2Fcollision%2Fsrc%2FSolutionsRepositories&get_content=NullSolutionsRepository.php HTTP/1.1" 200 1252 "-" "Mozilla/5.0 AppleWebKit/537.36 (KHTML, like Gecko; compatible; ClaudeBot/1.0; +claudebot@anthropic.com)"
20.171.207.101 - - [20/Aug/2025:22:47:00 +0300] "GET /vendor/sebastian/diff/src/Output/AbstractChunkOutputBuilder.php HTTP/1.1" 500 - "-" "Mozilla/5.0 AppleWebKit/537.36 (KHTML, like Gecko; compatible; GPTBot/1.2; +https://openai.com/gptbot)"
216.73.216.10 - - [20/Aug/2025:22:47:00 +0300] "GET /undefined.php?dir=%2Fhome%2Fwwineerc%2Fpublic_html%2Fvendor%2Fvlucas%2Fphpdotenv%2Fsrc%2FException&get_content=InvalidEncodingException.php HTTP/1.1" 200 1056 "-" "Mozilla/5.0 AppleWebKit/537.36 (KHTML, like Gecko; compatible; ClaudeBot/1.0; +claudebot@anthropic.com)"
216.73.216.10 - - [20/Aug/2025:22:47:05 +0300] "GET /undefined.php?dir=%2Fhome%2Fwwineerc%2Fpublic_html%2Fvendor%2Fleague%2Fcommonmark%2Fsrc%2FNormalizer&get_content=UniqueSlugNormalizerInterface.php HTTP/1.1" 200 1617 "-" "Mozilla/5.0 AppleWebKit/537.36 (KHTML, like Gecko; compatible; ClaudeBot/1.0; +claudebot@anthropic.com)"
216.73.216.10 - - [20/Aug/2025:22:47:10 +0300] "GET /undefined.php?dir=%2Fhome%2Fwwineerc%2Fpublic_html%2Fvendor%2Fleague%2Fcommonmark%2Fsrc%2FExtension%2FExternalLink HTTP/1.1" 200 6788 "-" "Mozilla/5.0 AppleWebKit/537.36 (KHTML, like Gecko; compatible; ClaudeBot/1.0; +claudebot@anthropic.com)"
216.73.216.10 - - [20/Aug/2025:22:47:15 +0300] "GET /undefined.php?dir=%2Fhome%2Fwwineerc%2Fpublic_html%2Fpublic%2Fadmin%2Fapp-assets%2Fcss%2Fplugins%2Fanimate HTTP/1.1" 200 6608 "-" "Mozilla/5.0 AppleWebKit/537.36 (KHTML, like Gecko; compatible; ClaudeBot/1.0; +claudebot@anthropic.com)"
216.73.216.10 - - [20/Aug/2025:22:47:20 +0300] "GET /undefined.php?dir=%2Fhome%2Fwwineerc%2Fpublic_html%2Fvendor%2Fleague%2Fcommonmark%2Fsrc%2FExtension%2FTaskList HTTP/1.1" 200 10366 "-" "Mozilla/5.0 AppleWebKit/537.36 (KHTML, like Gecko; compatible; ClaudeBot/1.0; +claudebot@anthropic.com)"
216.73.216.10 - - [20/Aug/2025:22:47:25 +0300] "GET /undefined.php?dir=%2Fhome%2Fwwineerc%2Fpublic_html%2Fvendor%2Fvlucas%2Fphpdotenv%2Fsrc%2FParser&get_content=ParserInterface.php HTTP/1.1" 200 1165 "-" "Mozilla/5.0 AppleWebKit/537.36 (KHTML, like Gecko; compatible; ClaudeBot/1.0; +claudebot@anthropic.com)"
216.73.216.10 - - [20/Aug/2025:22:47:31 +0300] "GET /undefined.php?dir=%2Fhome%2Fwwineerc%2Fpublic_html%2Fvendor%2Fvlucas%2Fphpdotenv%2Fsrc%2FStore&get_content=StoreInterface.php HTTP/1.1" 200 1144 "-" "Mozilla/5.0 AppleWebKit/537.36 (KHTML, like Gecko; compatible; ClaudeBot/1.0; +claudebot@anthropic.com)"
216.73.216.10 - - [20/Aug/2025:22:47:35 +0300] "GET /undefined.php?dir=%2Fhome%2Fwwineerc%2Fpublic_html%2Fvendor%2Fnikic%2Fphp-parser%2Flib%2FPhpParser%2FNodeVisitor HTTP/1.1" 200 15643 "-" "Mozilla/5.0 AppleWebKit/537.36 (KHTML, like Gecko; compatible; ClaudeBot/1.0; +claudebot@anthropic.com)"
216.73.216.10 - - [20/Aug/2025:22:47:40 +0300] "GET /undefined.php?dir=%2Fhome%2Fwwineerc%2Fpublic_html%2Fvendor%2Fleague%2Furi-interfaces%2Fsrc%2FContracts&get_content=QueryInterface.php HTTP/1.1" 200 8206 "-" "Mozilla/5.0 AppleWebKit/537.36 (KHTML, like Gecko; compatible; ClaudeBot/1.0; +claudebot@anthropic.com)"
216.73.216.10 - - [20/Aug/2025:22:47:45 +0300] "GET /undefined.php?dir=%2Fhome%2Fwwineerc%2Fpublic_html%2Fpublic%2Fadmin%2Fapp-assets%2Fcss%2Fplugins%2Fcalendars HTTP/1.1" 200 6676 "-" "Mozilla/5.0 AppleWebKit/537.36 (KHTML, like Gecko; compatible; ClaudeBot/1.0; +claudebot@anthropic.com)"
216.73.216.10 - - [20/Aug/2025:22:47:50 +0300] "GET /undefined.php?dir=%2Fhome%2Fwwineerc%2Fpublic_html%2Fvendor%2Fleague%2Fcommonmark%2Fsrc%2FUtil&get_content=LinkParserHelper.php HTTP/1.1" 200 5072 "-" "Mozilla/5.0 AppleWebKit/537.36 (KHTML, like Gecko; compatible; ClaudeBot/1.0; +claudebot@anthropic.com)"
216.73.216.10 - - [20/Aug/2025:22:47:55 +0300] "GET /undefined.php?dir=%2Fhome%2Fwwineerc%2Fpublic_html%2Fpublic%2Fadmin%2Fapp-assets%2Fcss%2Fplugins%2Floaders HTTP/1.1" 200 8178 "-" "Mozilla/5.0 AppleWebKit/537.36 (KHTML, like Gecko; compatible; ClaudeBot/1.0; +claudebot@anthropic.com)"
216.73.216.10 - - [20/Aug/2025:22:48:00 +0300] "GET /undefined.php?dir=%2Fhome%2Fwwineerc%2Fpublic_html%2Fpublic%2Fadmin%2Fapp-assets%2Fcss%2Fplugins%2Ffile-uploaders HTTP/1.1" 200 6646 "-" "Mozilla/5.0 AppleWebKit/537.36 (KHTML, like Gecko; compatible; ClaudeBot/1.0; +claudebot@anthropic.com)"
20.171.207.101 - - [20/Aug/2025:22:48:00 +0300] "GET /vendor/sebastian/diff/src/Output/DiffOutputBuilderInterface.php HTTP/1.1" 200 - "-" "Mozilla/5.0 AppleWebKit/537.36 (KHTML, like Gecko; compatible; GPTBot/1.2; +https://openai.com/gptbot)"
216.73.216.10 - - [20/Aug/2025:22:48:05 +0300] "GET /undefined.php?dir=%2Fhome%2Fwwineerc%2Fpublic_html%2Fvendor%2Fvlucas%2Fphpdotenv%2Fsrc%2FParser&get_content=Parser.php HTTP/1.1" 200 2623 "-" "Mozilla/5.0 AppleWebKit/537.36 (KHTML, like Gecko; compatible; ClaudeBot/1.0; +claudebot@anthropic.com)"
216.73.216.10 - - [20/Aug/2025:22:48:10 +0300] "GET /undefined.php?dir=%2Fhome%2Fwwineerc%2Fpublic_html%2Fvendor%2Fleague%2Furi-interfaces%2Fsrc%2FExceptions&get_content=FileinfoSupportMissing.php HTTP/1.1" 200 1290 "-" "Mozilla/5.0 AppleWebKit/537.36 (KHTML, like Gecko; compatible; ClaudeBot/1.0; +claudebot@anthropic.com)"
216.73.216.10 - - [20/Aug/2025:22:48:15 +0300] "GET /undefined.php?dir=%2Fhome%2Fwwineerc%2Fpublic_html%2Fvendor%2Fvlucas%2Fphpdotenv%2Fsrc%2FStore&get_content=FileStore.php HTTP/1.1" 200 2564 "-" "Mozilla/5.0 AppleWebKit/537.36 (KHTML, like Gecko; compatible; ClaudeBot/1.0; +claudebot@anthropic.com)"
216.73.216.10 - - [20/Aug/2025:22:48:20 +0300] "GET /undefined.php?dir=%2Fhome%2Fwwineerc%2Fpublic_html%2Fpublic%2Fincludes%2Fckeditor%2Fsamples%2Ftoolbarconfigurator%2Fjs&get_content=fulltoolbareditor.js HTTP/1.1" 200 5175 "-" "Mozilla/5.0 AppleWebKit/537.36 (KHTML, like Gecko; compatible; ClaudeBot/1.0; +claudebot@anthropic.com)"
216.73.216.10 - - [20/Aug/2025:22:48:25 +0300] "GET /undefined.php?dir=%2Fhome%2Fwwineerc%2Fpublic_html%2Fvendor%2Fvlucas%2Fphpdotenv%2Fsrc%2FException&get_content=ExceptionInterface.php HTTP/1.1" 200 976 "-" "Mozilla/5.0 AppleWebKit/537.36 (KHTML, like Gecko; compatible; ClaudeBot/1.0; +claudebot@anthropic.com)"
216.73.216.10 - - [20/Aug/2025:22:48:31 +0300] "GET /undefined.php?dir=%2Fhome%2Fwwineerc%2Fpublic_html%2Fvendor%2Fvlucas%2Fphpdotenv%2Fsrc%2FException&get_content=ValidationException.php HTTP/1.1" 200 1025 "-" "Mozilla/5.0 AppleWebKit/537.36 (KHTML, like Gecko; compatible; ClaudeBot/1.0; +claudebot@anthropic.com)"
216.73.216.10 - - [20/Aug/2025:22:48:36 +0300] "GET /undefined.php?dir=%2Fhome%2Fwwineerc%2Fpublic_html%2Fvendor%2Fleague%2Fcommonmark%2Fsrc%2FExtension%2FDisallowedRawHtml HTTP/1.1" 200 6862 "-" "Mozilla/5.0 AppleWebKit/537.36 (KHTML, like Gecko; compatible; ClaudeBot/1.0; +claudebot@anthropic.com)"
216.73.216.10 - - [20/Aug/2025:22:48:41 +0300] "GET /undefined.php?dir=%2Fhome%2Fwwineerc%2Fpublic_html%2Fvendor%2Fnikic%2Fphp-parser%2Flib%2FPhpParser%2FNode HTTP/1.1" 200 52392 "-" "Mozilla/5.0 AppleWebKit/537.36 (KHTML, like Gecko; compatible; ClaudeBot/1.0; +claudebot@anthropic.com)"
216.73.216.10 - - [20/Aug/2025:22:48:46 +0300] "GET /undefined.php?dir=%2Fhome%2Fwwineerc%2Fpublic_html%2Fresources%2Fviews%2Fadmin%2Fshared%2Fdatatables&get_content=date-filter.blade.php HTTP/1.1" 200 1763 "-" "Mozilla/5.0 AppleWebKit/537.36 (KHTML, like Gecko; compatible; ClaudeBot/1.0; +claudebot@anthropic.com)"
216.73.216.10 - - [20/Aug/2025:22:48:51 +0300] "GET /undefined.php?dir=%2Fhome%2Fwwineerc%2Fpublic_html%2Fvendor%2Fleague%2Fcommonmark%2Fsrc%2FParser&get_content=InlineParserContext.php HTTP/1.1" 200 3788 "-" "Mozilla/5.0 AppleWebKit/537.36 (KHTML, like Gecko; compatible; ClaudeBot/1.0; +claudebot@anthropic.com)"
216.73.216.10 - - [20/Aug/2025:22:48:56 +0300] "GET /undefined.php?dir=%2Fhome%2Fwwineerc%2Fpublic_html%2Fvendor%2Fvlucas%2Fphpdotenv%2Fsrc%2FParser&get_content=Entry.php HTTP/1.1" 200 1849 "-" "Mozilla/5.0 AppleWebKit/537.36 (KHTML, like Gecko; compatible; ClaudeBot/1.0; +claudebot@anthropic.com)"
216.73.216.10 - - [20/Aug/2025:22:49:01 +0300] "GET /undefined.php?dir=%2Fhome%2Fwwineerc%2Fpublic_html%2Fvendor%2Fvlucas%2Fphpdotenv%2Fsrc%2FParser&get_content=Value.php HTTP/1.1" 200 2433 "-" "Mozilla/5.0 AppleWebKit/537.36 (KHTML, like Gecko; compatible; ClaudeBot/1.0; +claudebot@anthropic.com)"
20.171.207.101 - - [20/Aug/2025:22:49:03 +0300] "GET /vendor/ramsey/uuid/src/Exception/UuidExceptionInterface.php HTTP/1.1" 200 - "-" "Mozilla/5.0 AppleWebKit/537.36 (KHTML, like Gecko; compatible; GPTBot/1.2; +https://openai.com/gptbot)"
216.73.216.10 - - [20/Aug/2025:22:49:06 +0300] "GET /undefined.php?dir=%2Fhome%2Fwwineerc%2Fpublic_html%2Fvendor%2Fleague%2Fcommonmark%2Fsrc%2FRenderer&get_content=NoMatchingRendererException.php HTTP/1.1" 200 1290 "-" "Mozilla/5.0 AppleWebKit/537.36 (KHTML, like Gecko; compatible; ClaudeBot/1.0; +claudebot@anthropic.com)"
216.73.216.10 - - [20/Aug/2025:22:49:11 +0300] "GET /undefined.php?dir=%2Fhome%2Fwwineerc%2Fpublic_html%2Fvendor%2Fnikic%2Fphp-parser%2Flib%2FPhpParser&get_content=NodeVisitorAbstract.php HTTP/1.1" 200 1289 "-" "Mozilla/5.0 AppleWebKit/537.36 (KHTML, like Gecko; compatible; ClaudeBot/1.0; +claudebot@anthropic.com)"
216.73.216.10 - - [20/Aug/2025:22:49:16 +0300] "GET /undefined.php?dir=%2Fhome%2Fwwineerc%2Fpublic_html%2Fvendor%2Fvlucas%2Fphpdotenv%2Fsrc%2FLoader&get_content=Loader.php HTTP/1.1" 200 2293 "-" "Mozilla/5.0 AppleWebKit/537.36 (KHTML, like Gecko; compatible; ClaudeBot/1.0; +claudebot@anthropic.com)"
216.73.216.10 - - [20/Aug/2025:22:49:21 +0300] "GET /undefined.php?dir=%2Fhome%2Fwwineerc%2Fpublic_html%2Fvendor%2Fnikic%2Fphp-parser%2Flib%2FPhpParser&get_content=ParserAbstract.php HTTP/1.1" 200 53866 "-" "Mozilla/5.0 AppleWebKit/537.36 (KHTML, like Gecko; compatible; ClaudeBot/1.0; +claudebot@anthropic.com)"
216.73.216.10 - - [20/Aug/2025:22:49:26 +0300] "GET /undefined.php?dir=%2Fhome%2Fwwineerc%2Fpublic_html%2Fvendor%2Fleague%2Fcommonmark%2Fsrc%2FEnvironment&get_content=EnvironmentInterface.php HTTP/1.1" 200 2502 "-" "Mozilla/5.0 AppleWebKit/537.36 (KHTML, like Gecko; compatible; ClaudeBot/1.0; +claudebot@anthropic.com)"
216.73.216.10 - - [20/Aug/2025:22:49:31 +0300] "GET /undefined.php?dir=%2Fhome%2Fwwineerc%2Fpublic_html%2Fvendor%2Fleague%2Fcommonmark%2Fsrc%2FInput&get_content=MarkdownInput.php HTTP/1.1" 200 3540 "-" "Mozilla/5.0 AppleWebKit/537.36 (KHTML, like Gecko; compatible; ClaudeBot/1.0; +claudebot@anthropic.com)"
216.73.216.10 - - [20/Aug/2025:22:49:36 +0300] "GET /undefined.php?dir=%2Fhome%2Fwwineerc%2Fpublic_html%2Fvendor%2Fnikic%2Fphp-parser%2Flib%2FPhpParser&get_content=NodeAbstract.php HTTP/1.1" 200 6348 "-" "Mozilla/5.0 AppleWebKit/537.36 (KHTML, like Gecko; compatible; ClaudeBot/1.0; +claudebot@anthropic.com)"
216.73.216.10 - - [20/Aug/2025:22:49:41 +0300] "GET /undefined.php?dir=%2Fhome%2Fwwineerc%2Fpublic_html%2Fvendor%2Fleague%2Fcommonmark%2Fsrc%2FUtil&get_content=SpecReader.php HTTP/1.1" 200 3213 "-" "Mozilla/5.0 AppleWebKit/537.36 (KHTML, like Gecko; compatible; ClaudeBot/1.0; +claudebot@anthropic.com)"
216.73.216.10 - - [20/Aug/2025:22:49:46 +0300] "GET /undefined.php?dir=%2Fhome%2Fwwineerc%2Fpublic_html%2Fvendor%2Fleague%2Fcommonmark%2Fsrc%2FEvent&get_content=ListenerData.php HTTP/1.1" 200 1749 "-" "Mozilla/5.0 AppleWebKit/537.36 (KHTML, like Gecko; compatible; ClaudeBot/1.0; +claudebot@anthropic.com)"
216.73.216.10 - - [20/Aug/2025:22:49:51 +0300] "GET /undefined.php?dir=%2Fhome%2Fwwineerc%2Fpublic_html%2Fvendor%2Fleague%2Furi-interfaces%2Fsrc%2FContracts&get_content=PathInterface.php HTTP/1.1" 200 3729 "-" "Mozilla/5.0 AppleWebKit/537.36 (KHTML, like Gecko; compatible; ClaudeBot/1.0; +claudebot@anthropic.com)"
216.73.216.10 - - [20/Aug/2025:22:49:56 +0300] "GET /undefined.php?dir=%2Fhome%2Fwwineerc%2Fpublic_html%2Fvendor%2Fleague%2Fcommonmark%2Fsrc%2FUtil&get_content=HtmlElement.php HTTP/1.1" 200 5310 "-" "Mozilla/5.0 AppleWebKit/537.36 (KHTML, like Gecko; compatible; ClaudeBot/1.0; +claudebot@anthropic.com)"
20.171.207.101 - - [20/Aug/2025:22:49:58 +0300] "GET /vendor/brick/math/src/Exception/NumberFormatException.php HTTP/1.1" 500 - "-" "Mozilla/5.0 AppleWebKit/537.36 (KHTML, like Gecko; compatible; GPTBot/1.2; +https://openai.com/gptbot)"
216.73.216.10 - - [20/Aug/2025:22:50:01 +0300] "GET /undefined.php?dir=%2Fhome%2Fwwineerc%2Fpublic_html%2Fvendor%2Fleague%2Fcommonmark%2Fsrc%2FParser&get_content=MarkdownParser.php HTTP/1.1" 200 13511 "-" "Mozilla/5.0 AppleWebKit/537.36 (KHTML, like Gecko; compatible; ClaudeBot/1.0; +claudebot@anthropic.com)"
216.73.216.10 - - [20/Aug/2025:22:50:07 +0300] "GET /undefined.php?dir=%2Fhome%2Fwwineerc%2Fpublic_html%2Fvendor%2Fleague%2Fcommonmark%2Fsrc%2FEvent&get_content=DocumentRenderedEvent.php HTTP/1.1" 200 1763 "-" "Mozilla/5.0 AppleWebKit/537.36 (KHTML, like Gecko; compatible; ClaudeBot/1.0; +claudebot@anthropic.com)"
216.73.216.10 - - [20/Aug/2025:22:50:12 +0300] "GET /undefined.php?dir=%2Fhome%2Fwwineerc%2Fpublic_html%2Fvendor%2Fnikic%2Fphp-parser%2Flib%2FPhpParser&get_content=NodeFinder.php HTTP/1.1" 200 3461 "-" "Mozilla/5.0 AppleWebKit/537.36 (KHTML, like Gecko; compatible; ClaudeBot/1.0; +claudebot@anthropic.com)"
216.73.216.10 - - [20/Aug/2025:22:50:17 +0300] "GET /undefined.php?dir=%2Fhome%2Fwwineerc%2Fpublic_html%2Fvendor%2Ffilp%2Fwhoops%2Fsrc%2FWhoops%2FInspector HTTP/1.1" 200 8477 "-" "Mozilla/5.0 AppleWebKit/537.36 (KHTML, like Gecko; compatible; ClaudeBot/1.0; +claudebot@anthropic.com)"
216.73.216.10 - - [20/Aug/2025:22:50:22 +0300] "GET /undefined.php?dir=%2Fhome%2Fwwineerc%2Fpublic_html%2Fvendor%2Fleague%2Fcommonmark%2Fsrc%2FException&get_content=IOException.php HTTP/1.1" 200 1229 "-" "Mozilla/5.0 AppleWebKit/537.36 (KHTML, like Gecko; compatible; ClaudeBot/1.0; +claudebot@anthropic.com)"
216.73.216.10 - - [20/Aug/2025:22:50:27 +0300] "GET /undefined.php?dir=%2Fhome%2Fwwineerc%2Fpublic_html%2Fvendor%2Fleague%2Fcommonmark%2Fsrc%2FException&get_content=CommonMarkException.php HTTP/1.1" 200 1290 "-" "Mozilla/5.0 AppleWebKit/537.36 (KHTML, like Gecko; compatible; ClaudeBot/1.0; +claudebot@anthropic.com)"
216.73.216.10 - - [20/Aug/2025:22:50:32 +0300] "GET /undefined.php?dir=%2Fhome%2Fwwineerc%2Fpublic_html%2Fvendor%2Ffilp%2Fwhoops%2Fsrc%2FWhoops%2FException HTTP/1.1" 200 11761 "-" "Mozilla/5.0 AppleWebKit/537.36 (KHTML, like Gecko; compatible; ClaudeBot/1.0; +claudebot@anthropic.com)"
216.73.216.10 - - [20/Aug/2025:22:50:37 +0300] "GET /undefined.php?dir=%2Fhome%2Fwwineerc%2Fpublic_html%2Fvendor%2Fnunomaduro%2Fcollision%2Fsrc%2FAdapters%2FLaravel HTTP/1.1" 200 13468 "-" "Mozilla/5.0 AppleWebKit/537.36 (KHTML, like Gecko; compatible; ClaudeBot/1.0; +claudebot@anthropic.com)"
216.73.216.10 - - [20/Aug/2025:22:50:42 +0300] "GET /undefined.php?dir=%2Fhome%2Fwwineerc%2Fpublic_html%2Fvendor%2Fleague%2Fcommonmark%2Fsrc%2FEnvironment&get_content=EnvironmentAwareInterface.php HTTP/1.1" 200 1299 "-" "Mozilla/5.0 AppleWebKit/537.36 (KHTML, like Gecko; compatible; ClaudeBot/1.0; +claudebot@anthropic.com)"
216.73.216.10 - - [20/Aug/2025:22:50:47 +0300] "GET /undefined.php?dir=%2Fhome%2Fwwineerc%2Fpublic_html%2Fresources%2Fviews%2Fadmin%2Fshared%2Fdatatables&get_content=date-search.blade.php HTTP/1.1" 200 1460 "-" "Mozilla/5.0 AppleWebKit/537.36 (KHTML, like Gecko; compatible; ClaudeBot/1.0; +claudebot@anthropic.com)"
20.171.207.101 - - [20/Aug/2025:22:50:52 +0300] "GET /vendor/ramsey/uuid/src/Exception/DceSecurityException.php HTTP/1.1" 500 - "-" "Mozilla/5.0 AppleWebKit/537.36 (KHTML, like Gecko; compatible; GPTBot/1.2; +https://openai.com/gptbot)"
216.73.216.10 - - [20/Aug/2025:22:50:52 +0300] "GET /undefined.php?dir=%2Fhome%2Fwwineerc%2Fpublic_html%2Fvendor%2Fnikic%2Fphp-parser%2Flib%2FPhpParser&get_content=ParserFactory.php HTTP/1.1" 200 2298 "-" "Mozilla/5.0 AppleWebKit/537.36 (KHTML, like Gecko; compatible; ClaudeBot/1.0; +claudebot@anthropic.com)"
216.73.216.10 - - [20/Aug/2025:22:50:57 +0300] "GET /undefined.php?dir=%2Fhome%2Fwwineerc%2Fpublic_html%2Fvendor%2Fnikic%2Fphp-parser%2Flib%2FPhpParser&get_content=NodeTraverserInterface.php HTTP/1.1" 200 1446 "-" "Mozilla/5.0 AppleWebKit/537.36 (KHTML, like Gecko; compatible; ClaudeBot/1.0; +claudebot@anthropic.com)"
216.73.216.10 - - [20/Aug/2025:22:51:02 +0300] "GET /undefined.php?dir=%2Fhome%2Fwwineerc%2Fpublic_html%2Fvendor%2Fleague%2Fcommonmark%2Fsrc%2FDelimiter&get_content=DelimiterInterface.php HTTP/1.1" 200 2071 "-" "Mozilla/5.0 AppleWebKit/537.36 (KHTML, like Gecko; compatible; ClaudeBot/1.0; +claudebot@anthropic.com)"
216.73.216.10 - - [20/Aug/2025:22:51:07 +0300] "GET /undefined.php?dir=%2Fhome%2Fwwineerc%2Fpublic_html%2Fvendor%2Fnikic%2Fphp-parser%2Flib%2FPhpParser&get_content=Node.php HTTP/1.1" 200 4861 "-" "Mozilla/5.0 AppleWebKit/537.36 (KHTML, like Gecko; compatible; ClaudeBot/1.0; +claudebot@anthropic.com)"
216.73.216.10 - - [20/Aug/2025:22:51:12 +0300] "GET /undefined.php?dir=%2Fhome%2Fwwineerc%2Fpublic_html%2Fvendor%2Fleague%2Furi-interfaces%2Fsrc%2FContracts&get_content=FragmentInterface.php HTTP/1.1" 200 1310 "-" "Mozilla/5.0 AppleWebKit/537.36 (KHTML, like Gecko; compatible; ClaudeBot/1.0; +claudebot@anthropic.com)"
216.73.216.10 - - [20/Aug/2025:22:51:17 +0300] "GET /undefined.php?dir=%2Fhome%2Fwwineerc%2Fpublic_html%2Fvendor%2Fleague%2Fcommonmark%2Fsrc%2FException&get_content=AlreadyInitializedException.php HTTP/1.1" 200 1274 "-" "Mozilla/5.0 AppleWebKit/537.36 (KHTML, like Gecko; compatible; ClaudeBot/1.0; +claudebot@anthropic.com)"
216.73.216.10 - - [20/Aug/2025:22:51:22 +0300] "GET /undefined.php?dir=%2Fhome%2Fwwineerc%2Fpublic_html%2Fvendor%2Fnikic%2Fphp-parser%2Flib%2FPhpParser%2FLexer HTTP/1.1" 200 6476 "-" "Mozilla/5.0 AppleWebKit/537.36 (KHTML, like Gecko; compatible; ClaudeBot/1.0; +claudebot@anthropic.com)"
216.73.216.10 - - [20/Aug/2025:22:51:27 +0300] "GET /undefined.php?dir=%2Fhome%2Fwwineerc%2Fpublic_html%2Fvendor%2Fleague%2Furi-interfaces%2Fsrc%2FContracts&get_content=DomainHostInterface.php HTTP/1.1" 200 3710 "-" "Mozilla/5.0 AppleWebKit/537.36 (KHTML, like Gecko; compatible; ClaudeBot/1.0; +claudebot@anthropic.com)"
216.73.216.10 - - [20/Aug/2025:22:51:32 +0300] "GET /undefined.php?dir=%2Fhome%2Fwwineerc%2Fpublic_html%2Fvendor%2Fnikic%2Fphp-parser%2Flib%2FPhpParser&get_content=NodeTraverser.php HTTP/1.1" 200 11843 "-" "Mozilla/5.0 AppleWebKit/537.36 (KHTML, like Gecko; compatible; ClaudeBot/1.0; +claudebot@anthropic.com)"
216.73.216.10 - - [20/Aug/2025:22:51:37 +0300] "GET /undefined.php?dir=%2Fhome%2Fwwineerc%2Fpublic_html%2Fvendor%2Fnikic%2Fphp-parser%2Flib%2FPhpParser&get_content=JsonDecoder.php HTTP/1.1" 200 4725 "-" "Mozilla/5.0 AppleWebKit/537.36 (KHTML, like Gecko; compatible; ClaudeBot/1.0; +claudebot@anthropic.com)"
216.73.216.10 - - [20/Aug/2025:22:51:42 +0300] "GET /undefined.php?dir=%2Fhome%2Fwwineerc%2Fpublic_html%2Fvendor%2Fleague%2Fcommonmark%2Fsrc%2FEnvironment&get_content=EnvironmentBuilderInterface.php HTTP/1.1" 200 4816 "-" "Mozilla/5.0 AppleWebKit/537.36 (KHTML, like Gecko; compatible; ClaudeBot/1.0; +claudebot@anthropic.com)"
216.73.216.10 - - [20/Aug/2025:22:51:47 +0300] "GET /undefined.php?dir=%2Fhome%2Fwwineerc%2Fpublic_html%2Fvendor%2Fnikic%2Fphp-parser%2Flib%2FPhpParser&get_content=Comment.php HTTP/1.1" 200 8079 "-" "Mozilla/5.0 AppleWebKit/537.36 (KHTML, like Gecko; compatible; ClaudeBot/1.0; +claudebot@anthropic.com)"
216.73.216.10 - - [20/Aug/2025:22:51:52 +0300] "GET /undefined.php?dir=%2Fhome%2Fwwineerc%2Fpublic_html%2Fpublic%2Fincludes%2Fckeditor%2Fsamples%2Ftoolbarconfigurator%2Fjs&get_content=toolbarmodifier.js HTTP/1.1" 200 20375 "-" "Mozilla/5.0 AppleWebKit/537.36 (KHTML, like Gecko; compatible; ClaudeBot/1.0; +claudebot@anthropic.com)"
216.73.216.10 - - [20/Aug/2025:22:51:57 +0300] "GET /undefined.php?dir=%2Fhome%2Fwwineerc%2Fpublic_html%2Fvendor%2Fnikic%2Fphp-parser%2Flib%2FPhpParser&get_content=Builder.php HTTP/1.1" 200 1020 "-" "Mozilla/5.0 AppleWebKit/537.36 (KHTML, like Gecko; compatible; ClaudeBot/1.0; +claudebot@anthropic.com)"
20.171.207.101 - - [20/Aug/2025:22:51:57 +0300] "GET /vendor/sebastian/diff/src/Output/UnifiedDiffOutputBuilder.php HTTP/1.1" 500 - "-" "Mozilla/5.0 AppleWebKit/537.36 (KHTML, like Gecko; compatible; GPTBot/1.2; +https://openai.com/gptbot)"
216.73.216.10 - - [20/Aug/2025:22:51:58 +0300] "GET /undefined.php?dir=%2Fhome%2Fwwineerc%2Fpublic_html%2Fvendor%2Fleague%2Fcommonmark%2Fsrc%2FOutput&get_content=RenderedContentInterface.php HTTP/1.1" 200 1449 "-" "Mozilla/5.0 AppleWebKit/537.36 (KHTML, like Gecko; compatible; ClaudeBot/1.0; +claudebot@anthropic.com)"
216.73.216.10 - - [20/Aug/2025:22:51:58 +0300] "GET /undefined.php?dir=%2Fhome%2Fwwineerc%2Fpublic_html%2Fvendor%2Fnikic%2Fphp-parser%2Flib%2FPhpParser&get_content=BuilderFactory.php HTTP/1.1" 200 11448 "-" "Mozilla/5.0 AppleWebKit/537.36 (KHTML, like Gecko; compatible; ClaudeBot/1.0; +claudebot@anthropic.com)"
216.73.216.10 - - [20/Aug/2025:22:51:59 +0300] "GET /undefined.php?dir=%2Fhome%2Fwwineerc%2Fpublic_html%2Fvendor%2Fnikic%2Fphp-parser%2Flib%2FPhpParser&get_content=compatibility_tokens.php HTTP/1.1" 200 3298 "-" "Mozilla/5.0 AppleWebKit/537.36 (KHTML, like Gecko; compatible; ClaudeBot/1.0; +claudebot@anthropic.com)"
216.73.216.10 - - [20/Aug/2025:22:51:59 +0300] "GET /undefined.php?dir=%2Fhome%2Fwwineerc%2Fpublic_html%2Fvendor%2Fleague%2Furi-interfaces%2Fsrc%2FExceptions&get_content=IdnaConversionFailed.php HTTP/1.1" 200 2031 "-" "Mozilla/5.0 AppleWebKit/537.36 (KHTML, like Gecko; compatible; ClaudeBot/1.0; +claudebot@anthropic.com)"
216.73.216.10 - - [20/Aug/2025:22:52:00 +0300] "GET /undefined.php?dir=%2Fhome%2Fwwineerc%2Fpublic_html%2Fvendor%2Fnunomaduro%2Fcollision%2Fsrc%2FAdapters%2FPhpunit HTTP/1.1" 200 13476 "-" "Mozilla/5.0 AppleWebKit/537.36 (KHTML, like Gecko; compatible; ClaudeBot/1.0; +claudebot@anthropic.com)"
216.73.216.10 - - [20/Aug/2025:22:52:00 +0300] "GET /undefined.php?dir=%2Fhome%2Fwwineerc%2Fpublic_html%2Fvendor%2Fnikic%2Fphp-parser%2Flib%2FPhpParser&get_content=Token.php HTTP/1.1" 200 1323 "-" "Mozilla/5.0 AppleWebKit/537.36 (KHTML, like Gecko; compatible; ClaudeBot/1.0; +claudebot@anthropic.com)"
216.73.216.10 - - [20/Aug/2025:22:52:01 +0300] "GET /undefined.php?dir=%2Fhome%2Fwwineerc%2Fpublic_html%2Fvendor%2Fnikic%2Fphp-parser%2Flib%2FPhpParser%2FBuilder HTTP/1.1" 200 30676 "-" "Mozilla/5.0 AppleWebKit/537.36 (KHTML, like Gecko; compatible; ClaudeBot/1.0; +claudebot@anthropic.com)"
216.73.216.10 - - [20/Aug/2025:22:52:01 +0300] "GET /undefined.php?dir=%2Fhome%2Fwwineerc%2Fpublic_html%2Fvendor%2Fleague%2Fcommonmark%2Fsrc%2FExtension%2FInlinesOnly HTTP/1.1" 200 6728 "-" "Mozilla/5.0 AppleWebKit/537.36 (KHTML, like Gecko; compatible; ClaudeBot/1.0; +claudebot@anthropic.com)"
216.73.216.10 - - [20/Aug/2025:22:52:01 +0300] "GET /undefined.php?dir=%2Fhome%2Fwwineerc%2Fpublic_html%2Fvendor%2Fnikic%2Fphp-parser%2Flib%2FPhpParser&get_content=BuilderHelpers.php HTTP/1.1" 200 11002 "-" "Mozilla/5.0 AppleWebKit/537.36 (KHTML, like Gecko; compatible; ClaudeBot/1.0; +claudebot@anthropic.com)"
216.73.216.10 - - [20/Aug/2025:22:52:01 +0300] "GET /undefined.php?dir=%2Fhome%2Fwwineerc%2Fpublic_html%2Fvendor%2Fnikic%2Fphp-parser%2Flib%2FPhpParser&get_content=PhpVersion.php HTTP/1.1" 200 5746 "-" "Mozilla/5.0 AppleWebKit/537.36 (KHTML, like Gecko; compatible; ClaudeBot/1.0; +claudebot@anthropic.com)"
216.73.216.10 - - [20/Aug/2025:22:52:02 +0300] "GET /undefined.php?dir=%2Fhome%2Fwwineerc%2Fpublic_html%2Fvendor%2Fnikic%2Fphp-parser%2Flib%2FPhpParser&get_content=ConstExprEvaluationException.php HTTP/1.1" 200 972 "-" "Mozilla/5.0 AppleWebKit/537.36 (KHTML, like Gecko; compatible; ClaudeBot/1.0; +claudebot@anthropic.com)"
